{"id":31377,"date":"2019-10-31T16:51:17","date_gmt":"2019-10-31T15:51:17","guid":{"rendered":"https:\/\/www.creaearredanegozi.it\/?post_type=product&#038;p=31377"},"modified":"2025-12-07T03:41:10","modified_gmt":"2025-12-07T02:41:10","slug":"statische-kuhlvitrine-307-l-2-c-8-c-forcar-glass-line-g-sc300gss","status":"publish","type":"product","link":"https:\/\/www.creaearredanegozi.it\/de\/statische-kuhlvitrine-307-l-2-c-8-c-forcar-glass-line-g-sc300gss\/","title":{"rendered":"Statische K\u00fchlvitrine 307 Lt +2\u00b0C\/+8\u00b0C Forcar Glass Line G-SC300GSS"},"content":{"rendered":"<h3>Statische K\u00fchlvitrine 307 l, +2 \u00b0C\/+8 \u00b0C, Forcar Glass Line<\/h3>\n<p><strong>K\u00fchlvitrine mit doppelt verglaster T\u00fcr und statischer K\u00fchlung G-SC300GSS<\/strong><\/p>\n<ul>\n<li>T\u00fcrrahmen und Struktur in <strong>rostfreier Stahl<\/strong>Aluminium innen.<\/li>\n<li>Automatische Abtauung.<\/li>\n<li>Temperaturregelung mit digitalem Thermostat.<\/li>\n<li>LED-Innenbeleuchtung.<\/li>\n<li>Pro T\u00fcr werden 4 Gitter mitgeliefert.<\/li>\n<li>2 R\u00e4der und 2 verstellbare F\u00fc\u00dfe f\u00fcr einfache Handhabung.<\/li>\n<\/ul>\n<hr \/>\n<p><strong>Technische Daten:<\/strong><\/p>\n<table class=\"table table-striped\">\n<tbody>\n<tr>\n<td>\n<div align=\"left\"><strong>Modell<\/strong><\/div>\n<\/td>\n<td>\n<div align=\"left\"><b>G-SC300GSS<\/b><\/div>\n<\/td>\n<\/tr>\n<tr>\n<td>\n<div align=\"left\">Arbeitstemperatur<\/div>\n<\/td>\n<td>\n<div align=\"left\">+2\u00b0C\/+8\u00b0C<\/div>\n<\/td>\n<\/tr>\n<tr>\n<td>\n<div align=\"left\">\u00c4u\u00dfere Abmessungen<\/div>\n<\/td>\n<td>\n<div align=\"left\">600 \u00d7 520 \u00d7 1880 (H) mm<\/div>\n<\/td>\n<\/tr>\n<tr>\n<td>\n<div align=\"left\">Innere Abmessungen<\/div>\n<\/td>\n<td>\n<div align=\"left\">535 \u00d7 424 \u00d7 1437 (H) mm<\/div>\n<\/td>\n<\/tr>\n<tr>\n<td>\n<div align=\"left\">Kapazit\u00e4t<\/div>\n<\/td>\n<td>\n<div align=\"left\">307 L<\/div>\n<\/td>\n<\/tr>\n<tr>\n<td>\n<div align=\"left\">Maximale Arbeitstemperatur<\/div>\n<\/td>\n<td>\n<div align=\"left\">+32\u00b0C\/60%HR<\/div>\n<\/td>\n<\/tr>\n<tr>\n<td>\n<div align=\"left\">Art der K\u00fchlung<\/div>\n<\/td>\n<td>\n<div align=\"left\">Statik<\/div>\n<\/td>\n<\/tr>\n<tr>\n<td>\n<div align=\"left\">Art der Abtauung<\/div>\n<\/td>\n<td>\n<div align=\"left\">Eine Pause<\/div>\n<\/td>\n<\/tr>\n<tr>\n<td>\n<div align=\"left\">Art des K\u00e4ltemittelgases<\/div>\n<\/td>\n<td>\n<div align=\"left\">R600a<\/div>\n<\/td>\n<\/tr>\n<tr>\n<td>\n<div align=\"left\">Kondenswasserverdunstung<\/div>\n<\/td>\n<td>\n<div align=\"left\">Automatisch<\/div>\n<\/td>\n<\/tr>\n<tr>\n<td>\n<div align=\"left\">Temperaturkontrolle<\/div>\n<\/td>\n<td>\n<div align=\"left\">Elektronisch<\/div>\n<\/td>\n<\/tr>\n<tr>\n<td>\n<div align=\"left\">Isolierung<\/div>\n<\/td>\n<td>\n<div align=\"left\">45 mm<\/div>\n<\/td>\n<\/tr>\n<tr>\n<td>\n<div align=\"left\">Absorption<\/div>\n<\/td>\n<td>\n<div align=\"left\">170 W<\/div>\n<\/td>\n<\/tr>\n<tr>\n<td>\n<div align=\"left\">Spannung<\/div>\n<\/td>\n<td>\n<div align=\"left\">230V \/ 50 Hz<\/div>\n<\/td>\n<\/tr>\n<tr>\n<td>\n<div align=\"left\">Baumaterial<\/div>\n<\/td>\n<td>\n<div align=\"left\">Rostfreier Stahl AISI 430 - Aluminium<\/div>\n<\/td>\n<\/tr>\n<tr>\n<td>\n<div align=\"left\">Umkehrung der T\u00fcr<\/div>\n<\/td>\n<td>\n<div align=\"left\">Nein<\/div>\n<\/td>\n<\/tr>\n<tr>\n<td>\n<div align=\"left\">Innenbeleuchtung<\/div>\n<\/td>\n<td>\n<div align=\"left\">Led<\/div>\n<\/td>\n<\/tr>\n<tr>\n<td>\n<div align=\"left\">Mitgeliefertes Zubeh\u00f6r<\/div>\n<\/td>\n<td>\n<div align=\"left\">4 Roste 526 x 360 mm<\/div>\n<\/td>\n<\/tr>\n<tr>\n<td>\n<div align=\"left\">Nettogewicht<\/div>\n<\/td>\n<td>\n<div align=\"left\">98 kg<\/div>\n<\/td>\n<\/tr>\n<tr>\n<td>\n<div align=\"left\">Bruttogewicht<\/div>\n<\/td>\n<td>\n<div align=\"left\">120 kg<\/div>\n<\/td>\n<\/tr>\n<\/tbody>\n<\/table>\n<p>&nbsp;<\/p>","protected":false},"excerpt":{"rendered":"<p>vetrina refrigerata espositiva statica 307 Lt +2\u00b0C\/+8\u00b0C Forcar Glass Line Armadio refrigerato espositore con porta in vetro camera e refrigerazione statica G-SC300GSS Cornice e struttura porta in acciaio inox, interno in alluminio. Sbrinamento automatico. Controllo temperatura con termostato digitale. Illuminazione interna a Led. 4 griglie in dotazione per porta. 2 ruote e 2 piedini regolabili [&#8230;]","protected":false},"featured_media":124958,"comment_status":"closed","ping_status":"closed","template":"","meta":{"_monsterinsights_skip_tracking":false},"product_brand":[624],"product_cat":[256,28],"product_tag":[],"class_list":["post-31377","product","type-product","status-publish","has-post-thumbnail","product_brand-forcar","product_cat-fredde","product_cat-vetrine","pa_classe-energetica-classe-b","pa_marca-forcar","first","outofstock","taxable","shipping-taxable","purchasable","product-type-simple"],"_links":{"self":[{"href":"https:\/\/www.creaearredanegozi.it\/de\/wp-json\/wp\/v2\/product\/31377","targetHints":{"allow":["GET"]}}],"collection":[{"href":"https:\/\/www.creaearredanegozi.it\/de\/wp-json\/wp\/v2\/product"}],"about":[{"href":"https:\/\/www.creaearredanegozi.it\/de\/wp-json\/wp\/v2\/types\/product"}],"replies":[{"embeddable":true,"href":"https:\/\/www.creaearredanegozi.it\/de\/wp-json\/wp\/v2\/comments?post=31377"}],"wp:featuredmedia":[{"embeddable":true,"href":"https:\/\/www.creaearredanegozi.it\/de\/wp-json\/wp\/v2\/media\/124958"}],"wp:attachment":[{"href":"https:\/\/www.creaearredanegozi.it\/de\/wp-json\/wp\/v2\/media?parent=31377"}],"wp:term":[{"taxonomy":"product_brand","embeddable":true,"href":"https:\/\/www.creaearredanegozi.it\/de\/wp-json\/wp\/v2\/product_brand?post=31377"},{"taxonomy":"product_cat","embeddable":true,"href":"https:\/\/www.creaearredanegozi.it\/de\/wp-json\/wp\/v2\/product_cat?post=31377"},{"taxonomy":"product_tag","embeddable":true,"href":"https:\/\/www.creaearredanegozi.it\/de\/wp-json\/wp\/v2\/product_tag?post=31377"}],"curies":[{"name":"wp","href":"https:\/\/api.w.org\/{rel}","templated":true}]}}

Statische Kühlvitrine 307 Lt +2°C/+8°C Forcar Glass Line G-SC300GSS

<h3>Statische Kühlvitrine 307 l, +2 °C/+8 °C, Forcar Glass Line</h3>
<p><strong>Kühlvitrine mit doppelt verglaster Tür und statischer Kühlung G-SC300GSS</strong></p>
<ul>
<li>Türrahmen und Struktur in <strong>rostfreier Stahl</strong>Aluminium innen.</li>
<li>Automatische Abtauung.</li>
<li>Temperaturregelung mit digitalem Thermostat.</li>
<li>LED-Innenbeleuchtung.</li>
<li>Pro Tür werden 4 Gitter mitgeliefert.</li>
<li>2 Räder und 2 verstellbare Füße für einfache Handhabung.</li>
</ul>
<hr />
<p><strong>Technische Daten:</strong></p>
<table class="table table-striped">
<tbody>
<tr>
<td>
<div align="left"><strong>Modell</strong></div>
</td>
<td>
<div align="left"><b>G-SC300GSS</b></div>
</td>
</tr>
<tr>
<td>
<div align="left">Arbeitstemperatur</div>
</td>
<td>
<div align="left">+2°C/+8°C</div>
</td>
</tr>
<tr>
<td>
<div align="left">Äußere Abmessungen</div>
</td>
<td>
<div align="left">600 × 520 × 1880 (H) mm</div>
</td>
</tr>
<tr>
<td>
<div align="left">Innere Abmessungen</div>
</td>
<td>
<div align="left">535 × 424 × 1437 (H) mm</div>
</td>
</tr>
<tr>
<td>
<div align="left">Kapazität</div>
</td>
<td>
<div align="left">307 L</div>
</td>
</tr>
<tr>
<td>
<div align="left">Maximale Arbeitstemperatur</div>
</td>
<td>
<div align="left">+32°C/60%HR</div>
</td>
</tr>
<tr>
<td>
<div align="left">Art der Kühlung</div>
</td>
<td>
<div align="left">Statik</div>
</td>
</tr>
<tr>
<td>
<div align="left">Art der Abtauung</div>
</td>
<td>
<div align="left">Eine Pause</div>
</td>
</tr>
<tr>
<td>
<div align="left">Art des Kältemittelgases</div>
</td>
<td>
<div align="left">R600a</div>
</td>
</tr>
<tr>
<td>
<div align="left">Kondenswasserverdunstung</div>
</td>
<td>
<div align="left">Automatisch</div>
</td>
</tr>
<tr>
<td>
<div align="left">Temperaturkontrolle</div>
</td>
<td>
<div align="left">Elektronisch</div>
</td>
</tr>
<tr>
<td>
<div align="left">Isolierung</div>
</td>
<td>
<div align="left">45 mm</div>
</td>
</tr>
<tr>
<td>
<div align="left">Absorption</div>
</td>
<td>
<div align="left">170 W</div>
</td>
</tr>
<tr>
<td>
<div align="left">Spannung</div>
</td>
<td>
<div align="left">230V / 50 Hz</div>
</td>
</tr>
<tr>
<td>
<div align="left">Baumaterial</div>
</td>
<td>
<div align="left">Rostfreier Stahl AISI 430 - Aluminium</div>
</td>
</tr>
<tr>
<td>
<div align="left">Umkehrung der Tür</div>
</td>
<td>
<div align="left">Nein</div>
</td>
</tr>
<tr>
<td>
<div align="left">Innenbeleuchtung</div>
</td>
<td>
<div align="left">Led</div>
</td>
</tr>
<tr>
<td>
<div align="left">Mitgeliefertes Zubehör</div>
</td>
<td>
<div align="left">4 Roste 526 x 360 mm</div>
</td>
</tr>
<tr>
<td>
<div align="left">Nettogewicht</div>
</td>
<td>
<div align="left">98 kg</div>
</td>
</tr>
<tr>
<td>
<div align="left">Bruttogewicht</div>
</td>
<td>
<div align="left">120 kg</div>
</td>
</tr>
</tbody>
</table>
<p>&nbsp;</p>
